 97852 and 17.
17
What is the highest common divisor of 348 and 12?
12
What is the greatest common divisor of 75 and 135?
15
Calculate the highest common factor of 19 and 399.
19
What is the greatest common divisor of 60 and 2715?
15
Calculate the highest common factor of 54 and 9216.
18
Calculate the greatest common divisor of 45844 and 157.
157
Calculate the greatest common divisor of 1950 and 30.
30
What is the highest common divisor of 320 and 200?
40
What is the greatest common factor of 1089 and 132?
33
What is the highest common factor of 350 and 4?
2
What is the greatest common divisor of 12581 and 23?
23
Calculate the highest common divisor of 16 and 1168.
16
What is the highest common factor of 529 and 23?
23
What is the greatest common divisor of 4410 and 180?
90
Calculate the highest common factor of 385 and 28.
7
Calculate the greatest common divisor of 28 and 721.
7
What is the greatest common divisor of 24 and 216?
24
Calculate the highest common factor of 24 and 512.
8
Calculate the greatest common factor of 1206 and 18.
18
Calculate the highest common factor of 90 and 1494.
18
What is the highest common factor of 11830 and 130?
130
Calculate the highest common factor of 85 and 730.
5
What is the highest common factor of 57 and 28576?
19
Calculate the highest common factor of 847 and 385.
77
Calculate the greatest common factor of 6 and 150.
6
What is the greatest common divisor of 7008 and 16?
16
Calculate the greatest common divisor of 8255 and 104.
13
What is the greatest common divisor of 93 and 1643?
31
Calculate the greatest common divisor of 9 and 2.
1
What is the highest common factor of 513 and 27?
27
What is the highest common divisor of 1498 and 14?
14
What is the highest common factor of 2479 and 201?
67
Calculate the greatest common factor of 12334 and 28.
14
What is the greatest common divisor of 9 and 144?
9
What is the greatest common divisor of 46 and 41929?
23
Calculate the greatest common factor of 34 and 51.
17
Calculate the greatest common divisor of 396 and 253.
11
What is the highest common factor of 45 and 495?
45
What is the highest common divisor of 245 and 504?
7
Calculate the highest common factor of 10 and 14230.
10
Calculate the highest common divisor of 236 and 5605.
59
Calculate the greatest common divisor of 200 and 175.
25
Calculate the greatest common factor of 289 and 68.
17
What is the greatest common factor of 2960 and 152?
8
What is the greatest common divisor of 57 and 17309?
19
What is the greatest common divisor of 5902 and 26?
26
What is the highest common factor of 81 and 225?
9
What is the highest common factor of 664 and 4897?
83
Calculate the highest common divisor of 12483 and 38.
19
What is the highest common factor of 3074 and 522?
58
What is the greatest common divisor of 224 and 126?
14
What is the greatest common factor of 18589 and 58?
29
Calculate the highest common divisor of 231 and 264.
33
Calculate the greatest common divisor of 19 and 3.
1
What is the highest common divisor of 7998 and 62?
62
What is the greatest common divisor of 575 and 23?
23
What is the greatest common factor of 100 and 2675?
25
What is the greatest common factor of 6321 and 129?
129
Calculate the highest common divisor of 1326 and 130.
26
Calculate the greatest common divisor of 10 and 130.
10
Calculate the greatest common divisor of 264 and 858.
66
What is the greatest common factor of 9309 and 87?
87
What is the greatest common factor of 41 and 4469?
41
Calculate the highest common factor of 1560 and 960.
120
What is the highest common factor of 7940 and 40?
20
What is the greatest common divisor of 27162 and 54?
54
Calculate the highest common factor of 42 and 105.
21
What is the greatest common divisor of 5729 and 337?
337
What is the highest common divisor of 307 and 1?
1
What is the highest common factor of 16 and 4624?
16
What is the greatest common factor of 402 and 1809?
201
Calculate the greatest common divisor of 11 and 187.
11
Calculate the highest common divisor of 210 and 1176.
42
Calculate the highest common factor of 21918 and 234.
78
Calculate the highest common factor of 511 and 584.
73
What is the greatest common divisor of 160 and 64?
32
Calculate the highest common factor of 153 and 22797.
153
Calculate the greatest common divisor of 22 and 3685.
11
What is the highest common factor of 627 and 77?
11
What is the highest common factor of 2929 and 404?
101
Calculate the greatest common divisor of 2505 and 65.
5
Calculate the greatest common divisor of 266 and 210.
14
Calculate the greatest common divisor of 120 and 1920.
120
Calculate the highest common factor of 2280 and 30.
30
Calculate the highest common divisor of 30 and 240.
30
What is the highest common divisor of 112 and 7?
7
Calculate the highest common divisor of 12 and 236.
4
Calculate the greatest common factor of 330 and 1760.
110
What is the highest common factor of 4 and 27?
1
What is the highest common factor of 99 and 55?
11
Calculate the highest common divisor of 177 and 6.
3
Calculate the greatest common divisor of 24 and 732.
12
What is the greatest common factor of 423 and 9?
9
What is the highest common divisor of 6 and 3?
3
Calculate the highest common factor of 28 and 63.
7
What is the highest common factor of 19 and 437?
19
Calculate the highest common factor of 325 and 700.
25
What is the greatest common divisor of 7653 and 6?
3
Calculate the greatest common factor of 90 and 23310.
90
Calculate the greatest common divisor of 9540 and 60.
60
Calculate the greatest common factor of 48 and 3.
3
What is the highest common factor of 231 and 29491?
77
Calculate the greatest common divisor of 63 and 1251.
9
What is the greatest common factor of 148 and 12913?
37
Calculate the greatest common factor of 486 and 18.
18
Calculate the greatest common factor of 1 and 29.
1
Calculate the greatest common factor of 48 and 5010.
6
What is the highest common factor of 156 and 12?
12
What is the highest common factor of 34 and 5338?
34
Calculate the greatest common factor of 1548 and 36.
36
What is the greatest common factor of 64 and 432?
16
Calculate the greatest common factor of 64 and 408.
8
What is the greatest common factor of 532 and 1148?
28
What is the highest common divisor of 364 and 468?
52
What is the highest common factor of 714 and 1806?
42
Calculate the greatest common factor of 62 and 86242.
62
What is the highest common factor of 72 and 5940?
36
Calculate the highest common factor of 18064 and 48.
16
What is the highest common divisor of 36 and 3222?
18
What is the greatest common divisor of 40880 and 140?
140
What is the highest common factor of 8 and 536?
8
What is the greatest common factor of 84 and 105?
21
What is the greatest common factor of 372 and 93?
93
Calculate the highest common factor of 72 and 2712.
24
Calculate the highest common factor of 221 and 1632.
17
Calculate the greatest common factor of 2356 and 323.
19
Calculate the greatest common factor of 1820 and 130.
130
What is the greatest common divisor of 63 and 216?
9
What is the greatest common factor of 25 and 995?
5
What is the highest common factor of 470 and 376?
94
Calculate the greatest common divisor of 160 and 170.
10
What is the greatest common divisor of 44 and 2816?
44
What is the highest common factor of 88 and 1100?
44
What is the greatest common factor of 110 and 10450?
110
Calculate the greatest common factor of 1479 and 87.
87
What is the greatest common divisor of 280 and 175?
35
What is the greatest common divisor of 48 and 448?
16
Calculate the greatest common divisor of 25 and 725.
25
Calculate the greatest common divisor of 23120 and 850.
170
Calculate the greatest common factor of 2014 and 342.
38
What is the highest common divisor of 585 and 1560?
195
Calculate the highest common factor of 650 and 312.
26
Calculate the greatest common factor of 45 and 1680.
15
What is the greatest common factor of 165 and 99?
33
Calculate the greatest common factor of 40 and 760.
40
What is the greatest common divisor of 70 and 434?
14
Calculate the highest common divisor of 1957 and 309.
103
What is the greatest common factor of 247 and 9139?
247
What is the greatest common factor of 3 and 159?
3
What is the greatest common